{"id":87,"date":"2010-08-12T22:31:19","date_gmt":"2010-08-12T20:31:19","guid":{"rendered":"http:\/\/roan.junselebyar.se\/nyheter\/?page_id=87"},"modified":"2011-01-10T23:32:11","modified_gmt":"2011-01-10T22:32:11","slug":"radda-an","status":"publish","type":"page","link":"https:\/\/roan.junselebyar.se\/?page_id=87","title":{"rendered":"R\u00e4dda \u00c5n"},"content":{"rendered":"<div id=\"attachment_558\" style=\"width: 328px\" class=\"wp-caption alignnone\"><a href=\"http:\/\/raddaroan.junselebyar.se\" target=\"_blank\"><img loading=\"lazy\" decoding=\"async\" aria-describedby=\"caption-attachment-558\" class=\"size-full wp-image-558\" title=\"Vykort, design av DigiT N\u00e4s\u00e5ker\" src=\"http:\/\/roan.junselebyar.se\/nyheter\/wp-content\/uploads\/2010\/08\/roanvykort2.jpg\" alt=\"R\u00e4dda R\u00f6\u00e5ns hemsida\" width=\"318\" height=\"222\" \/><\/a><p id=\"caption-attachment-558\" class=\"wp-caption-text\">R\u00e4dda R\u00f6\u00e5ns hemsida<\/p><\/div>\n<p>Nya &#8220;R\u00c4DDA R\u00d6\u00c5N&#8221;-gruppen bildades 23\/9\u00a0 2007 f\u00f6r att organisera och driva motst\u00e5ndet mot de vattenkraftutbyggnadsplaner, som SCA och Statkraft hade.\u00a0<\/p>\n<p>R\u00f6\u00e5n R\u00e4ddad 27\/5 2008. Efter 9 m\u00e5naders motst\u00e5ndskamp fick vi R\u00f6\u00e5bor l\u00f6n f\u00f6r m\u00f6dan: SCA och Statkraft gav upp planerna p\u00e5 att bygga ut R\u00f6\u00e5n.\u00a0 I och med detta beslut kommer \u00e4ven Betarsj\u00f6n att l\u00e4mnas op\u00e5verkad, vilket har stor betydelse f\u00f6r hela denna region.<\/p>\n<p>R\u00c4DDA R\u00d6\u00c5N-gruppen bestod av; ordf\u00f6rande Sture Tarander, sekreterare Ulla Ramne Annander, \u00f6vriga Meta Bergman, Stig-Ingvar Viklund, Kurt Tarander, Anna-Greta Lundstr\u00f6m, en representant f\u00f6r Skogsn\u00e4s, Brita Isaksson, G\u00f6ran Hahne och Christer Borg.<span id=\"_marker\">\u00a0<\/span><\/p>\n","protected":false},"excerpt":{"rendered":"<p>Nya &#8220;R\u00c4DDA R\u00d6\u00c5N&#8221;-gruppen bildades 23\/9\u00a0 2007 f\u00f6r att organisera och driva motst\u00e5ndet mot de vattenkraftutbyggnadsplaner, som SCA och Statkraft hade.\u00a0 R\u00f6\u00e5n R\u00e4ddad 27\/5 2008. Efter 9 m\u00e5naders motst\u00e5ndskamp fick vi R\u00f6\u00e5bor l\u00f6n f\u00f6r m\u00f6dan: SCA och Statkraft gav upp planerna p\u00e5 att bygga ut R\u00f6\u00e5n.\u00a0 I och med detta beslut kommer \u00e4ven Betarsj\u00f6n att l\u00e4mnas [&hellip;]<\/p>\n","protected":false},"author":1,"featured_media":0,"parent":0,"menu_order":9,"comment_status":"open","ping_status":"open","template":"","meta":{"footnotes":""},"class_list":["post-87","page","type-page","status-publish","hentry"],"_links":{"self":[{"href":"https:\/\/roan.junselebyar.se\/index.php?rest_route=\/wp\/v2\/pages\/87","targetHints":{"allow":["GET"]}}],"collection":[{"href":"https:\/\/roan.junselebyar.se\/index.php?rest_route=\/wp\/v2\/pages"}],"about":[{"href":"https:\/\/roan.junselebyar.se\/index.php?rest_route=\/wp\/v2\/types\/page"}],"author":[{"embeddable":true,"href":"https:\/\/roan.junselebyar.se\/index.php?rest_route=\/wp\/v2\/users\/1"}],"replies":[{"embeddable":true,"href":"https:\/\/roan.junselebyar.se\/index.php?rest_route=%2Fwp%2Fv2%2Fcomments&post=87"}],"version-history":[{"count":8,"href":"https:\/\/roan.junselebyar.se\/index.php?rest_route=\/wp\/v2\/pages\/87\/revisions"}],"predecessor-version":[{"id":89,"href":"https:\/\/roan.junselebyar.se\/index.php?rest_route=\/wp\/v2\/pages\/87\/revisions\/89"}],"wp:attachment":[{"href":"https:\/\/roan.junselebyar.se\/index.php?rest_route=%2Fwp%2Fv2%2Fmedia&parent=87"}],"curies":[{"name":"wp","href":"https:\/\/api.w.org\/{rel}","templated":true}]}}

Rädda Ån

<div id="attachment_558" style="width: 328px" class="wp-caption alignnone"><a href="http://raddaroan.junselebyar.se" target="_blank"><img loading="lazy" decoding="async" aria-describedby="caption-attachment-558" class="size-full wp-image-558" title="Vykort, design av DigiT Näsåker" src="http://roan.junselebyar.se/nyheter/wp-content/uploads/2010/08/roanvykort2.jpg" alt="Rädda Röåns hemsida" width="318" height="222" /></a><p id="caption-attachment-558" class="wp-caption-text">Rädda Röåns hemsida</p></div>
<p>Nya &#8220;RÄDDA RÖÅN&#8221;-gruppen bildades 23/9  2007 för att organisera och driva motståndet mot de vattenkraftutbyggnadsplaner, som SCA och Statkraft hade. </p>
<p>Röån Räddad 27/5 2008. Efter 9 månaders motståndskamp fick vi Röåbor lön för mödan: SCA och Statkraft gav upp planerna på att bygga ut Röån.  I och med detta beslut kommer även Betarsjön att lämnas opåverkad, vilket har stor betydelse för hela denna region.</p>
<p>RÄDDA RÖÅN-gruppen bestod av; ordförande Sture Tarander, sekreterare Ulla Ramne Annander, övriga Meta Bergman, Stig-Ingvar Viklund, Kurt Tarander, Anna-Greta Lundström, en representant för Skogsnäs, Brita Isaksson, Göran Hahne och Christer Borg.<span id="_marker"> </span></p>

<p>Nya &#8220;RÄDDA RÖÅN&#8221;-gruppen bildades 23/9  2007 för att organisera och driva motståndet mot de vattenkraftutbyggnadsplaner, som SCA och Statkraft hade.  Röån Räddad 27/5 2008. Efter 9 månaders motståndskamp fick vi Röåbor lön för mödan: SCA och Statkraft gav upp planerna på att bygga ut Röån.  I och med detta beslut kommer även Betarsjön att lämnas [&hellip;]</p>
